 1. What is the greatest common factor of 12 and u?
3
Suppose -5*h - 8 = -s, 3 = -s - 4*h + 2. Suppose 0 = 2*w - s*m - 81, -w - 2*m + 20 = -31. What is the highest common factor of 30 and w?
15
Suppose 0 = 30*h + 13*h - 1333. What is the greatest common factor of h and 775?
31
Let f be 10/4*(-2214)/(-45). What is the highest common divisor of 164 and f?
41
Let w = 124 - 75. Let t = -85 + 125. Let o be -2*5/(t/(-28)). What is the greatest common divisor of o and w?
7
Let f = 39 + -12. Let y = f - 14. Let s = 59 - -6. What is the greatest common divisor of y and s?
13
Let j(l) = -l**3 + 25*l**2 + 27*l + 5. Let u be j(26). What is the greatest common factor of 31 and u?
31
Let d = -3 + 7. Suppose 2*c - 107 = 2*l - 3*l, -205 = -d*c + l. What is the highest common divisor of c and 13?
13
Let b = -1021 - -2593. Calculate the highest common factor of 12 and b.
12
Suppose -6*f + 16 = -s - 2*f, s + 21 = 5*f. Let z be (1 + s)*10/(-25) - -84. Calculate the greatest common divisor of 123 and z.
41
Suppose 0 = -p + 5, 50 = -39*i + 42*i + 4*p. Let q = 99 + -49. Calculate the greatest common factor of q and i.
10
Let x be 0*(-3 + 4 + 0). Suppose x = 10*s - 5*s - 495. Let u = 11 + -2. Calculate the highest common factor of s and u.
9
Suppose k - 440 = -4*k. Let p(m) = -2*m + 27. Let u be p(0). Let g = 35 - u. Calculate the greatest common divisor of k and g.
8
Let g be 41/2*(33 - 15). Calculate the greatest common factor of 9 and g.
9
Let b(v) = -v**3 + 7*v**2 - 11*v - 6. Let n be b(4). Let o be (15 - -19)/(n/(-3)*3). Calculate the highest common factor of 17 and o.
17
Let b be 300/(-6 + (15 - 7)). What is the highest common factor of b and 5?
5
Let b be (0 - 5)/((-2)/8). Let j = 239 + -87. Let u = -144 + j. What is the highest common factor of u and b?
4
Let q = 1391 + -915. Calculate the highest common divisor of 68 and q.
68
Let f(w) = 2*w - 1. Let a be f(6). Suppose 0 = -61*o + 57*o + 16. Suppose -8*t - o = -12*t. What is the highest common factor of t and a?
1
Suppose 5*t - 3*b = t + 97, t + 5*b - 7 = 0. What is the greatest common factor of 11 and t?
11
Let a(i) = -1. Let k(t) = 3*t + 18. Let j(c) = a(c) + k(c). Let w be j(-5). What is the highest common factor of 2 and w?
2
Suppose n + 6*n = -448. Let a be (-4)/8*n + -4. What is the greatest common factor of 308 and a?
28
Suppose -2*i - 3*s + 0*s - 14 = 0, 0 = -i + 4*s - 7. Let v be (-56)/((42/9)/i). Let f = -46 + v. What is the greatest common divisor of f and 57?
19
Suppose -p = -3*p - 12. Let m = 23 + p. What is the greatest common factor of m and 17?
17
Suppose 7*o - 16*o = 0. Let p be (o - 3 - 90/12)*-12. Calculate the greatest common factor of p and 18.
18
Let d(j) = 60*j**2 - 56*j - 254. Let b be d(-5). Calculate the highest common divisor of 14 and b.
14
Let s be 6/(-51) + (68900/(-85))/(-5). Calculate the greatest common divisor of s and 6.
6
Let s = 577 + -360. What is the highest common divisor of s and 124?
31
Suppose 5*w - 2*t = 60, 53*t = 4*w + 58*t - 81. Calculate the highest common divisor of 1960 and w.
14
Suppose 3*b - 18 - 66 = 0. Let i = -677 - -747. Calculate the greatest common divisor of i and b.
14
Suppose 2*i - 3 = 3. Let g be (-19)/(-38) + (-19)/(-2). Suppose -187 = -g*o + 23. Calculate the highest common divisor of o and i.
3
Let x = 17 + -21. Let d = 1 - x. Let v(u) = 5*u - 8. Let t be v(d). What is the highest common factor of t and 187?
17
Suppose -3*r - 9 = 0, 2*b - 5*b + 4*r - 6474 = 0. Let t be b/(-14) - 3/7. Calculate the greatest common factor of 14 and t.
14
Let k(t) = -3*t - 47. Let n be k(-23). Suppose -2*c - 27 = -x - 5*c, -5*c = -3*x + 109. What is the highest common factor of n and x?
11
Let z = -6 + 142. Suppose -6*t - 2*t = -z. What is the highest common factor of t and 323?
17
Suppose 4*b - 174 - 686 = 0. Suppose 269 = 4*r - b. Let u = -18 - -29. Calculate the greatest common factor of r and u.
11
Suppose -117 = -10*c + 683. What is the greatest common factor of 60 and c?
20
Let w = 353 + -5. Suppose -w = -k - 36. Suppose 0*m = -3*m + k. Calculate the highest common divisor of 13 and m.
13
Let i = 6 + -3. Let y be -4 - (-35)/(-10)*-2. Suppose y*k = -k - 16, 2*g - i*k = 48. What is the highest common factor of g and 45?
9
Suppose 9*s - 10*s - 4*v = -7, 5*v = -5*s + 65. Let l(b) = 12*b + 62. Let k be l(s). Calculate the greatest common factor of 22 and k.
22
Let w(y) = -y + 11. Let n be w(7). Suppose -n*c + c = -3. Suppose 0 = 2*x, -2*p + 5*x = 2*p - 16. Calculate the greatest common factor of c and p.
1
Let t = -842 - -1034. What is the highest common divisor of 320 and t?
64
Suppose -4*h - l = -243 + 88, 3*l = -5*h + 192. Suppose 3*o - j - 354 = 0, -o = 1390*j - 1387*j - 108. What is the highest common divisor of h and o?
39
Let y = 678 + -610. Calculate the greatest common divisor of 34 and y.
34
Suppose 42*n + 5*u = 46*n - 260, -5*n + 346 = -u. What is the greatest common divisor of n and 145?
5
Let k(r) = 12*r + 62. Let p be k(14). Let h = p - 161. Suppose 66 = 3*q - 3*z, 4*q - 2*z - 91 = -z. Calculate the greatest common factor of h and q.
23
Let z = -539 + 667. What is the greatest common factor of z and 4?
4
Let u be 417*1 + 0 + 0. Let t be (-20 - -17)*10/(-6). Suppose 0 = -f + 3*b + 73, 0 = -t*f + b + b + u. What is the highest common divisor of 17 and f?
17
Suppose -16*u + 9*u = -546. What is the highest common factor of u and 6?
6
Suppose -2*b + 4 = 2*b. Suppose v - 3 = b. Suppose 0 = -p - i + 82, -3*p + 4*i = -v*p + 67. Calculate the highest common divisor of p and 29.
29
Let r = -286 + 300. Calculate the greatest common factor of r and 238.
14
Suppose 0*b = -5*b + 675. Let c be (-3)/(((-48)/(-20))/(-4)). Let k be c/10 + 106/4. What is the highest common factor of k and b?
27
Let u be (-2)/((-80)/110) - 6/8. What is the highest common divisor of 3 and u?
1
Let j(v) = v**2 + 76*v - 223. Let s be j(3). Calculate the highest common divisor of s and 994.
14
Suppose x - 19 = 129. What is the highest common factor of x and 111?
37
Suppose 3*o + 1 + 13 = 2*b, -4*b = -3*o - 22. Let y be 4 - (72/15)/(o/15). Calculate the highest common divisor of y and 8.
8
Let x(d) = -d**3 - 13*d**2 + 7*d - 17. Let i be x(-14). Calculate the highest common divisor of 45 and i.
9
Let f be (-3)/(-3) + (-2)/(-1). Suppose g - 12 - f = 0. Let t be (-13 - -16)/((-1)/(-45)). Calculate the greatest common divisor of g and t.
15
Suppose 2*n - 3*n + v + 1 = 0, -4*n + 6 = -3*v. Suppose 9*g - n*g = 54. Let j(i) = i**2 - i + 1. Let r be j(2). What is the greatest common divisor of r and g?
3
Let h(p) = p**2 - p + 26. Let d be h(0). What is the greatest common divisor of d and 247?
13
Suppose 20 = l - f, 4*l - 103 + 27 = 3*f. Suppose 4*a - 11 = 45. Let d = l - a. What is the greatest common factor of d and 20?
2
Let l(r) = r**3 - 28*r**2 + 31*r - 94. Let u be l(27). Calculate the greatest common divisor of u and 8.
2
Let m = -106 - -114. Let u = -29 - -43. Let w = 26 - u. What is the greatest common factor of m and w?
4
Suppose 12*d + 26*d = 10260. Let g be 27 + (3 + -2 - 1). What is the greatest common factor of d and g?
27
Let g = -106 + 156. Let v = -104 + 110. Suppose -19 = -v*p + 101. Calculate the greatest common divisor of g and p.
10
Suppose 949*p = 955*p - 162. What is the highest common divisor of p and 99?
9
Let x be (80/(-64))/(2/(-136)). Suppose -5 = 2*l - x. What is the highest common factor of 20 and l?
20
Suppose 2*y - 16 = 2*d, 0*d = -5*d + 10. Let z = y - 7. Suppose -5*v = -2 - z. Calculate the greatest common divisor of 4 and v.
1
Let q(u) = u**3 + 2*u**2 + 5*u. Let p be q(4). Suppose 151 = 5*a - v, -4*v - p = -4*a - 2*v. What is the greatest common factor of a and 155?
31
Suppose -5*k - 10 = 4*o, -5*k - 2*o = -2*k + 6. Let j be k/((-2)/1) + (-4770)/(-18). What is the greatest common divisor of 14 and j?
14
Let a = 455 - 267. Suppose -3*d = -5*n - 257, -4*n = 5*d - a - 228. Let w(j) = -2*j + 2. Let p be w(-5). What is the highest common factor of p and d?
12
Let w = -71 + 106. Let b be 4/5 - (-4697)/w. Suppose -75 = -2*n - 3*n. What is the highest common divisor of b and n?
15
Let t be (56/(-10))/((-4)/10). Let a = 377 + -251. What is the highest common factor of t and a?
14
Let j be 2/5 + (-189)/(-15). Suppose 123*s - 120*s - 78 = 0. Calculate the highest common 